{"id":6,"date":"2008-01-17T14:14:14","date_gmt":"2008-01-17T13:14:14","guid":{"rendered":"http:\/\/www.ehemalige-biesdorf.de\/wp\/auch-schon-drin\/"},"modified":"2009-02-04T21:32:04","modified_gmt":"2009-02-04T20:32:04","slug":"auch-schon-drin","status":"publish","type":"page","link":"https:\/\/www.ehemalige-biesdorf.de\/?page_id=6","title":{"rendered":"Jahrgangsfotos"},"content":{"rendered":"<p><strong>Auch schon drin?<\/strong><\/p>\n<p><span class=\"normal\">In diesem Bereich werden wir in lockerer Folge die Fotos der verschiedenen Abitur-Jahrg\u00e4nge pr\u00e4sentieren. Dazu ist die Mitarbeit oder Unterst\u00fctzung der betroffenen Jahrg\u00e4nge erw\u00fcnscht.<\/span><\/p>\n<p>Bitte schickt uns daher &#8222;<strong>das Abschlu\u00dffoto auf der Klostertreppe<\/strong>&#8220; inklusive der Namen der darauf zu sehenden Mitsch\u00fcler zu. Dies kann sehr gerne auch elektronisch geschehen und zwar an die folgende E-mail-Adresse:<br \/>\n\u201c<font color=\"#0000ff\"><strong>ehemalige-biesdorfer<\/strong> <\/font>[Klammeraffe] <strong><font color=\"#0000ff\">gmx<\/font> <\/strong>[Punkt] <font color=\"#0000ff\"><strong>de<\/strong><\/font>\u201d<\/p>\n<h2 align=\"center\"><img decoding=\"async\" src=\"https:\/\/www.ehemalige-biesdorf.de\/wp\/wp-content\/uploads\/2008\/01\/klostertreppeleer_462.jpg\" alt=\"Klostertreppe\" \/><\/h2>\n","protected":false},"excerpt":{"rendered":"<p>Auch schon drin? In diesem Bereich werden wir in lockerer Folge die Fotos der verschiedenen Abitur-Jahrg\u00e4nge pr\u00e4sentieren. Dazu ist die Mitarbeit oder Unterst\u00fctzung der betroffenen Jahrg\u00e4nge erw\u00fcnscht. Bitte schickt uns daher &#8222;das Abschlu\u00dffoto auf der Klostertreppe&#8220; inklusive der Namen der darauf zu sehenden Mitsch\u00fcler zu. Dies kann sehr gerne auch elektronisch geschehen und zwar an [&hellip;]<\/p>\n","protected":false},"author":1,"featured_media":0,"parent":96,"menu_order":4,"comment_status":"closed","ping_status":"closed","template":"","meta":{"_et_pb_use_builder":"","_et_pb_old_content":"","_et_gb_content_width":"","jetpack_post_was_ever_published":false,"footnotes":""},"class_list":["post-6","page","type-page","status-publish","hentry"],"jetpack_sharing_enabled":true,"jetpack_shortlink":"https:\/\/wp.me\/PaKz1-6","_links":{"self":[{"href":"https:\/\/www.ehemalige-biesdorf.de\/index.php?rest_route=\/wp\/v2\/pages\/6","targetHints":{"allow":["GET"]}}],"collection":[{"href":"https:\/\/www.ehemalige-biesdorf.de\/index.php?rest_route=\/wp\/v2\/pages"}],"about":[{"href":"https:\/\/www.ehemalige-biesdorf.de\/index.php?rest_route=\/wp\/v2\/types\/page"}],"author":[{"embeddable":true,"href":"https:\/\/www.ehemalige-biesdorf.de\/index.php?rest_route=\/wp\/v2\/users\/1"}],"replies":[{"embeddable":true,"href":"https:\/\/www.ehemalige-biesdorf.de\/index.php?rest_route=%2Fwp%2Fv2%2Fcomments&post=6"}],"version-history":[{"count":1,"href":"https:\/\/www.ehemalige-biesdorf.de\/index.php?rest_route=\/wp\/v2\/pages\/6\/revisions"}],"predecessor-version":[{"id":187,"href":"https:\/\/www.ehemalige-biesdorf.de\/index.php?rest_route=\/wp\/v2\/pages\/6\/revisions\/187"}],"up":[{"embeddable":true,"href":"https:\/\/www.ehemalige-biesdorf.de\/index.php?rest_route=\/wp\/v2\/pages\/96"}],"wp:attachment":[{"href":"https:\/\/www.ehemalige-biesdorf.de\/index.php?rest_route=%2Fwp%2Fv2%2Fmedia&parent=6"}],"curies":[{"name":"wp","href":"https:\/\/api.w.org\/{rel}","templated":true}]}}