{"id":234,"date":"2009-03-31T15:20:44","date_gmt":"2009-03-31T14:20:44","guid":{"rendered":"http:\/\/www.ehemalige-biesdorf.de\/wp\/?page_id=234"},"modified":"2017-11-02T18:13:32","modified_gmt":"2017-11-02T17:13:32","slug":"abitur-1992-fehlt","status":"publish","type":"page","link":"https:\/\/www.ehemalige-biesdorf.de\/?page_id=234","title":{"rendered":"Abitur 1992"},"content":{"rendered":"<p>[et_pb_section bb_built=&#8220;1&#8243;][et_pb_row][et_pb_column type=&#8220;3_4&#8243;][et_pb_text _builder_version=&#8220;3.0.85&#8243; background_layout=&#8220;light&#8220;]<\/p>\n<h3>Die Abiturientia 1992 auf der Klostertreppe<\/h3>\n<p>[\/et_pb_text][et_pb_image _builder_version=&#8220;3.0.85&#8243; src=&#8220;https:\/\/www.ehemalige-biesdorf.de\/wp-content\/uploads\/2009\/03\/Abiturientia-1992.jpg&#8220; show_in_lightbox=&#8220;on&#8220; url_new_window=&#8220;off&#8220; use_overlay=&#8220;off&#8220; always_center_on_mobile=&#8220;on&#8220; force_fullwidth=&#8220;off&#8220; show_bottom_space=&#8220;on&#8220; \/][et_pb_text _builder_version=&#8220;3.0.85&#8243; background_layout=&#8220;light&#8220;]<\/p>\n<h4>Die Namen der Biesdorfer Abiturientinnen und Abiturienten 1992:<\/h4>\n<p>Michaela Arnold, Martina Bauer, J\u00fcrgen Becker, Marion Betzen, Daniela Dannehl, Andrea Dondelinger, Thomas Fabry, Isabelle Follmann, Martina Folscheid, Gernot Gierenz, Kai Hastert, Tanja Heck, Edith Heinz, Thomas Herrmann, Pia Hormisch, Marco Junk, Michael Karpen, B\u00e4rbel Kiessling, Andreas Koes, Alexandra K\u00f6men, Rudolf K\u00f6sters, Inge Kruppert, Florian K\u00fchbeck, Jockel Laubach, Tino Lomboy, Guido Messerich, Christina Metzdorf, Ralf Meyer, Felix M\u00fcller, Stephanie M\u00fcller, Sandra Nitsche, Dieter Nusbaum, Bernd Poss, Severine Reinhard, Markus Reuter, Dirk Schleder, Gabi Schleder, Andrea Schneider, J\u00f6rg Sch\u00f6nenberger, Michael Schuckart, Christina Surges, Martin Thelen, Doris Thiel, J\u00f6rg Thome, Andrea Th\u00f6mmes, Vera Voss, Sonja Weber, Carola Whitehead, Oliver Wildt, Marion Wolter, Stefanie Zacher, Elke Ziwes, Ingo Zwank<\/p>\n<p>[\/et_pb_text][\/et_pb_column][et_pb_column type=&#8220;1_4&#8243;][\/et_pb_column][\/et_pb_row][\/et_pb_section]<\/p>\n","protected":false},"excerpt":{"rendered":"<p>Die Abiturientia 1992 auf der Klostertreppe Die Namen&#8230;<\/p>\n","protected":false},"author":1,"featured_media":0,"parent":6,"menu_order":0,"comment_status":"open","ping_status":"closed","template":"","meta":{"_et_pb_use_builder":"on","_et_pb_old_content":"<p><a href=\"http:\/\/www.ehemalige-biesdorf.de\/wp-content\/uploads\/2009\/03\/Abiturientia-1992.jpg\"><img class=\"aligncenter wp-image-1095 size-large\" src=\"http:\/\/www.ehemalige-biesdorf.de\/wp-content\/uploads\/2009\/03\/Abiturientia-1992-1024x687.jpg\" alt=\"\" width=\"1024\" height=\"687\" \/><\/a><\/p>","_et_gb_content_width":"","jetpack_post_was_ever_published":false,"footnotes":""},"class_list":["post-234","page","type-page","status-publish","hentry"],"jetpack_sharing_enabled":true,"jetpack_shortlink":"https:\/\/wp.me\/PaKz1-3M","_links":{"self":[{"href":"https:\/\/www.ehemalige-biesdorf.de\/index.php?rest_route=\/wp\/v2\/pages\/234","targetHints":{"allow":["GET"]}}],"collection":[{"href":"https:\/\/www.ehemalige-biesdorf.de\/index.php?rest_route=\/wp\/v2\/pages"}],"about":[{"href":"https:\/\/www.ehemalige-biesdorf.de\/index.php?rest_route=\/wp\/v2\/types\/page"}],"author":[{"embeddable":true,"href":"https:\/\/www.ehemalige-biesdorf.de\/index.php?rest_route=\/wp\/v2\/users\/1"}],"replies":[{"embeddable":true,"href":"https:\/\/www.ehemalige-biesdorf.de\/index.php?rest_route=%2Fwp%2Fv2%2Fcomments&post=234"}],"version-history":[{"count":10,"href":"https:\/\/www.ehemalige-biesdorf.de\/index.php?rest_route=\/wp\/v2\/pages\/234\/revisions"}],"predecessor-version":[{"id":1104,"href":"https:\/\/www.ehemalige-biesdorf.de\/index.php?rest_route=\/wp\/v2\/pages\/234\/revisions\/1104"}],"up":[{"embeddable":true,"href":"https:\/\/www.ehemalige-biesdorf.de\/index.php?rest_route=\/wp\/v2\/pages\/6"}],"wp:attachment":[{"href":"https:\/\/www.ehemalige-biesdorf.de\/index.php?rest_route=%2Fwp%2Fv2%2Fmedia&parent=234"}],"curies":[{"name":"wp","href":"https:\/\/api.w.org\/{rel}","templated":true}]}}