{"id":1116,"date":"2018-03-27T09:56:18","date_gmt":"2018-03-27T08:56:18","guid":{"rendered":"http:\/\/www.ehemalige-biesdorf.de\/?page_id=1116"},"modified":"2018-06-21T10:52:35","modified_gmt":"2018-06-21T09:52:35","slug":"abitur-2018","status":"publish","type":"page","link":"https:\/\/www.ehemalige-biesdorf.de\/?page_id=1116","title":{"rendered":"Abitur 2018"},"content":{"rendered":"<p>[et_pb_section bb_built=&#8220;1&#8243; _builder_version=&#8220;3.0.65&#8243; custom_padding=&#8220;0px|||&#8220;][et_pb_row _builder_version=&#8220;3.0.65&#8243; background_size=&#8220;initial&#8220; background_position=&#8220;top_left&#8220; background_repeat=&#8220;repeat&#8220;][et_pb_column type=&#8220;4_4&#8243;][et_pb_text _builder_version=&#8220;3.7.1&#8243;]<\/p>\n<h4>Biesdorfer Abitur-Jahrgang 2018<\/h4>\n<p>[\/et_pb_text][\/et_pb_column][\/et_pb_row][et_pb_row _builder_version=&#8220;3.0.65&#8243; background_size=&#8220;initial&#8220; background_position=&#8220;top_left&#8220; background_repeat=&#8220;repeat&#8220;][et_pb_column type=&#8220;1_2&#8243;][et_pb_image admin_label=&#8220;Foto&#8220; src=&#8220;https:\/\/www.ehemalige-biesdorf.de\/wp-content\/uploads\/2018\/06\/Biesdorf_Abi-Treppe-2018_ORG.jpg&#8220; show_in_lightbox=&#8220;on&#8220; _builder_version=&#8220;3.7.1&#8243; animation_style=&#8220;bounce&#8220; box_shadow_style=&#8220;preset2&#8243; box_shadow_horizontal=&#8220;16px&#8220; box_shadow_vertical=&#8220;12px&#8220; title_text=&#8220;Die Biesdorfer Abiturientia 2018.&#8220; use_overlay=&#8220;on&#8220; hover_overlay_color=&#8220;rgba(12,113,195,0.55)&#8220; hover_icon=&#8220;%%13%%&#8220; alt=&#8220;Die Biesdorfer Abiturientia 2018.&#8220;]<\/p>\n<p>&nbsp;<\/p>\n<p>[\/et_pb_image][\/et_pb_column][et_pb_column type=&#8220;1_2&#8243;][et_pb_text _builder_version=&#8220;3.7.1&#8243;]<\/p>\n<p><strong>Die Namensliste der Abiturienten:<\/strong><\/p>\n<p>Althaus, Kathryn-Marie (Ralingen); Baulesch, Michael (\u00dcttfeld); Bourscheidt,Dennis (Echternacherbr\u00fcck); Bretz, Alexander (Idenheim); Bretz, Gina (Oberpierscheid); Dahm, Theresa (Pr\u00fcmzurlay);Debus, David (Newel); Deges, Jasmin (Kruchten); Dichter, Nico (Leimbach); Fandel, Tina (Sinspelt); Fehres, Laura (Wahlhausen); Fricke, Lea (Ferschweiler); Fuxen, Christopher (Bitburg); Gierenz, Linda (Ferschweiler); Grandl, Konstantin (Rittersdorf); Hamdorf, Patrick (Bitburg); Haubrich, Nils (Ingendorf); Heck, Hannah (Echternacherbr\u00fcck); Heck, Jonas (Nusbaum); Hettinger, Pia (Meckel); Holz, Selina (K\u00f6rperich); Hotz, Tobias (Ferschweiler);\u00a0 Jackel, Emil (Bettingen); Johanns, Philipp (Irrel); Kappen, Mariette (Brecht); Kirst, Evelyn (Wi\u00dfmannsdorf); Klein, Alina (Bollendorf); Kleis, Larissa (Olmscheid); Kohl, Julia (Peffingen); Kohler, Celina (Geichlingen); Lehnen, Jana (Nusbaum); Maroth, Annkathrin (Eisenach); Ma\u00dfelter,Jana (Geichlingen); May, Stephanie (Rittersdorf); Mayers, Gregor (Biesdorf); Moos, Lea Marie (Nusbaum); Nedjai, Nastia (Bollendorf); Neises, Robin (Geichlingen); Nosb\u00fcsch, Anna (Sinspelt); Pauls,Tobias (Baustert); Richter, Vanessa (Irrel); Rose, Katharina (Ettelbr\u00fcck); Rosin, Maxim (Wiersdorf); Schink, Leon (Ammeldingen); Schmalen, Dagmar (Kruchten); Schneider, Daniel (Echternacherbr\u00fcck); Scholtes, Johannes (Neuerburg); Schranz, Julia (Brecht); Seiz, Jonathan (Bollendorf); Stephany, Constanze (Ralingen); Szybalsky, Lea (Brecht); Tack, Annemarie (Ralingen); Thiel,Hanna (Heilbach); Thielen, Pascal (Mettendorf); Trosky, Philipp (Langsur-Grewenich); Wagner,Lea Marie (Karlshausen); W\u00e4lter, Florian (Lahr); Walther, L\u00e9a (Bollendorf); Weber, Lars (Kruchten); We\u00dfendorf, Anna Sophia (Welschbillig); Wi\u00dfmann, Alexander (Eisenach); Wittmer, Jan (Ferschweiler); Zeimentz, Hannah (Ferschweiler).<\/p>\n<p>[\/et_pb_text][\/et_pb_column][\/et_pb_row][\/et_pb_section]<\/p>\n","protected":false},"excerpt":{"rendered":"<p>Biesdorfer Abitur-Jahrgang 2018 Die Namensliste der&#8230;<\/p>\n","protected":false},"author":2,"featured_media":0,"parent":6,"menu_order":0,"comment_status":"open","ping_status":"closed","template":"","meta":{"_et_pb_use_builder":"on","_et_pb_old_content":"[caption id=\"attachment_1117\" align=\"alignleft\" width=\"300\"]<a href=\"http:\/\/www.ehemalige-biesdorf.de\/wp-content\/uploads\/2018\/06\/Biesdorf_Abi-Treppe-2018_ORG.jpg\"><img class=\"size-medium wp-image-1117\" src=\"http:\/\/www.ehemalige-biesdorf.de\/wp-content\/uploads\/2018\/06\/Biesdorf_Abi-Treppe-2018_ORG-300x225.jpg\" alt=\"\" width=\"300\" height=\"225\" \/><\/a> Der Biesdorfer Abitur-Jahrgang 2018.[\/caption]\r\n\r\n<strong>Die Namensliste der Abiturienten:<\/strong> Althaus, Kathryn-Marie (Ralingen); Baulesch, Michael (\u00dcttfeld); Bourscheidt,Dennis (Echternacherbr\u00fcck); Bretz, Alexander (Idenheim); Bretz, Gina (Oberpierscheid); Dahm, Theresa (Pr\u00fcmzurlay);Debus, David (Newel); Deges, Jasmin (Kruchten); Dichter, Nico (Leimbach); Fandel, Tina (Sinspelt); Fehres, Laura (Wahlhausen); Fricke, Lea (Ferschweiler); Fuxen, Christopher (Bitburg); Gierenz, Linda (Ferschweiler); Grandl, Konstantin (Rittersdorf); Hamdorf, Patrick (Bitburg); Haubrich, Nils (Ingendorf); Heck, Hannah (Echternacherbr\u00fcck); Heck, Jonas (Nusbaum); Hettinger, Pia (Meckel); Holz, Selina (K\u00f6rperich); Hotz, Tobias (Ferschweiler);\u00a0 Jackel, Emil (Bettingen); Johanns, Philipp (Irrel); Kappen, Mariette (Brecht); Kirst, Evelyn (Wi\u00dfmannsdorf); Klein, Alina (Bollendorf); Kleis, Larissa (Olmscheid); Kohl, Julia (Peffingen); Kohler, Celina (Geichlingen); Lehnen, Jana (Nusbaum); Maroth, Annkathrin (Eisenach); Ma\u00dfelter,Jana (Geichlingen); May, Stephanie (Rittersdorf); Mayers, Gregor (Biesdorf); Moos, Lea Marie (Nusbaum); Nedjai, Nastia (Bollendorf); Neises, Robin (Geichlingen); Nosb\u00fcsch, Anna (Sinspelt); Pauls,Tobias (Baustert); Richter, Vanessa (Irrel); Rose, Katharina (Ettelbr\u00fcck); Rosin, Maxim (Wiersdorf); Schink, Leon (Ammeldingen); Schmalen, Dagmar (Kruchten); Schneider, Daniel (Echternacherbr\u00fcck); Scholtes, Johannes (Neuerburg); Schranz, Julia (Brecht); Seiz, Jonathan (Bollendorf); Stephany, Constanze (Ralingen); Szybalsky, Lea (Brecht); Tack, Annemarie (Ralingen); Thiel,Hanna (Heilbach); Thielen, Pascal (Mettendorf); Trosky, Philipp (Langsur-Grewenich); Wagner,Lea Marie (Karlshausen); W\u00e4lter, Florian (Lahr); Walther, L\u00e9a (Bollendorf); Weber, Lars (Kruchten); We\u00dfendorf, Anna Sophia (Welschbillig); Wi\u00dfmann, Alexander (Eisenach); Wittmer, Jan (Ferschweiler); Zeimentz, Hannah (Ferschweiler).","_et_gb_content_width":"","jetpack_post_was_ever_published":false,"footnotes":""},"class_list":["post-1116","page","type-page","status-publish","hentry"],"jetpack_sharing_enabled":true,"jetpack_shortlink":"https:\/\/wp.me\/PaKz1-i0","_links":{"self":[{"href":"https:\/\/www.ehemalige-biesdorf.de\/index.php?rest_route=\/wp\/v2\/pages\/1116","targetHints":{"allow":["GET"]}}],"collection":[{"href":"https:\/\/www.ehemalige-biesdorf.de\/index.php?rest_route=\/wp\/v2\/pages"}],"about":[{"href":"https:\/\/www.ehemalige-biesdorf.de\/index.php?rest_route=\/wp\/v2\/types\/page"}],"author":[{"embeddable":true,"href":"https:\/\/www.ehemalige-biesdorf.de\/index.php?rest_route=\/wp\/v2\/users\/2"}],"replies":[{"embeddable":true,"href":"https:\/\/www.ehemalige-biesdorf.de\/index.php?rest_route=%2Fwp%2Fv2%2Fcomments&post=1116"}],"version-history":[{"count":6,"href":"https:\/\/www.ehemalige-biesdorf.de\/index.php?rest_route=\/wp\/v2\/pages\/1116\/revisions"}],"predecessor-version":[{"id":1144,"href":"https:\/\/www.ehemalige-biesdorf.de\/index.php?rest_route=\/wp\/v2\/pages\/1116\/revisions\/1144"}],"up":[{"embeddable":true,"href":"https:\/\/www.ehemalige-biesdorf.de\/index.php?rest_route=\/wp\/v2\/pages\/6"}],"wp:attachment":[{"href":"https:\/\/www.ehemalige-biesdorf.de\/index.php?rest_route=%2Fwp%2Fv2%2Fmedia&parent=1116"}],"curies":[{"name":"wp","href":"https:\/\/api.w.org\/{rel}","templated":true}]}}

<p>[et_pb_section bb_built=&#8220;1&#8243; _builder_version=&#8220;3.0.65&#8243; custom_padding=&#8220;0px|||&#8220;][et_pb_row _builder_version=&#8220;3.0.65&#8243; background_size=&#8220;initial&#8220; background_position=&#8220;top_left&#8220; background_repeat=&#8220;repeat&#8220;][et_pb_column type=&#8220;4_4&#8243;][et_pb_text _builder_version=&#8220;3.7.1&#8243;]</p>
<h4>Biesdorfer Abitur-Jahrgang 2018</h4>
<p>[/et_pb_text][/et_pb_column][/et_pb_row][et_pb_row _builder_version=&#8220;3.0.65&#8243; background_size=&#8220;initial&#8220; background_position=&#8220;top_left&#8220; background_repeat=&#8220;repeat&#8220;][et_pb_column type=&#8220;1_2&#8243;][et_pb_image admin_label=&#8220;Foto&#8220; src=&#8220;https://www.ehemalige-biesdorf.de/wp-content/uploads/2018/06/Biesdorf_Abi-Treppe-2018_ORG.jpg&#8220; show_in_lightbox=&#8220;on&#8220; _builder_version=&#8220;3.7.1&#8243; animation_style=&#8220;bounce&#8220; box_shadow_style=&#8220;preset2&#8243; box_shadow_horizontal=&#8220;16px&#8220; box_shadow_vertical=&#8220;12px&#8220; title_text=&#8220;Die Biesdorfer Abiturientia 2018.&#8220; use_overlay=&#8220;on&#8220; hover_overlay_color=&#8220;rgba(12,113,195,0.55)&#8220; hover_icon=&#8220;%%13%%&#8220; alt=&#8220;Die Biesdorfer Abiturientia 2018.&#8220;]</p>
<p>&nbsp;</p>
<p>[/et_pb_image][/et_pb_column][et_pb_column type=&#8220;1_2&#8243;][et_pb_text _builder_version=&#8220;3.7.1&#8243;]</p>
<p><strong>Die Namensliste der Abiturienten:</strong></p>
<p>Althaus, Kathryn-Marie (Ralingen); Baulesch, Michael (Üttfeld); Bourscheidt,Dennis (Echternacherbrück); Bretz, Alexander (Idenheim); Bretz, Gina (Oberpierscheid); Dahm, Theresa (Prümzurlay);Debus, David (Newel); Deges, Jasmin (Kruchten); Dichter, Nico (Leimbach); Fandel, Tina (Sinspelt); Fehres, Laura (Wahlhausen); Fricke, Lea (Ferschweiler); Fuxen, Christopher (Bitburg); Gierenz, Linda (Ferschweiler); Grandl, Konstantin (Rittersdorf); Hamdorf, Patrick (Bitburg); Haubrich, Nils (Ingendorf); Heck, Hannah (Echternacherbrück); Heck, Jonas (Nusbaum); Hettinger, Pia (Meckel); Holz, Selina (Körperich); Hotz, Tobias (Ferschweiler);  Jackel, Emil (Bettingen); Johanns, Philipp (Irrel); Kappen, Mariette (Brecht); Kirst, Evelyn (Wißmannsdorf); Klein, Alina (Bollendorf); Kleis, Larissa (Olmscheid); Kohl, Julia (Peffingen); Kohler, Celina (Geichlingen); Lehnen, Jana (Nusbaum); Maroth, Annkathrin (Eisenach); Maßelter,Jana (Geichlingen); May, Stephanie (Rittersdorf); Mayers, Gregor (Biesdorf); Moos, Lea Marie (Nusbaum); Nedjai, Nastia (Bollendorf); Neises, Robin (Geichlingen); Nosbüsch, Anna (Sinspelt); Pauls,Tobias (Baustert); Richter, Vanessa (Irrel); Rose, Katharina (Ettelbrück); Rosin, Maxim (Wiersdorf); Schink, Leon (Ammeldingen); Schmalen, Dagmar (Kruchten); Schneider, Daniel (Echternacherbrück); Scholtes, Johannes (Neuerburg); Schranz, Julia (Brecht); Seiz, Jonathan (Bollendorf); Stephany, Constanze (Ralingen); Szybalsky, Lea (Brecht); Tack, Annemarie (Ralingen); Thiel,Hanna (Heilbach); Thielen, Pascal (Mettendorf); Trosky, Philipp (Langsur-Grewenich); Wagner,Lea Marie (Karlshausen); Wälter, Florian (Lahr); Walther, Léa (Bollendorf); Weber, Lars (Kruchten); Weßendorf, Anna Sophia (Welschbillig); Wißmann, Alexander (Eisenach); Wittmer, Jan (Ferschweiler); Zeimentz, Hannah (Ferschweiler).</p>
<p>[/et_pb_text][/et_pb_column][/et_pb_row][/et_pb_section]</p>

[caption id="attachment_1117" align="alignleft" width="300"]<a href="http://www.ehemalige-biesdorf.de/wp-content/uploads/2018/06/Biesdorf_Abi-Treppe-2018_ORG.jpg"><img class="size-medium wp-image-1117" src="http://www.ehemalige-biesdorf.de/wp-content/uploads/2018/06/Biesdorf_Abi-Treppe-2018_ORG-300x225.jpg" alt="" width="300" height="225" /></a> Der Biesdorfer Abitur-Jahrgang 2018.[/caption]

<strong>Die Namensliste der Abiturienten:</strong> Althaus, Kathryn-Marie (Ralingen); Baulesch, Michael (Üttfeld); Bourscheidt,Dennis (Echternacherbrück); Bretz, Alexander (Idenheim); Bretz, Gina (Oberpierscheid); Dahm, Theresa (Prümzurlay);Debus, David (Newel); Deges, Jasmin (Kruchten); Dichter, Nico (Leimbach); Fandel, Tina (Sinspelt); Fehres, Laura (Wahlhausen); Fricke, Lea (Ferschweiler); Fuxen, Christopher (Bitburg); Gierenz, Linda (Ferschweiler); Grandl, Konstantin (Rittersdorf); Hamdorf, Patrick (Bitburg); Haubrich, Nils (Ingendorf); Heck, Hannah (Echternacherbrück); Heck, Jonas (Nusbaum); Hettinger, Pia (Meckel); Holz, Selina (Körperich); Hotz, Tobias (Ferschweiler);  Jackel, Emil (Bettingen); Johanns, Philipp (Irrel); Kappen, Mariette (Brecht); Kirst, Evelyn (Wißmannsdorf); Klein, Alina (Bollendorf); Kleis, Larissa (Olmscheid); Kohl, Julia (Peffingen); Kohler, Celina (Geichlingen); Lehnen, Jana (Nusbaum); Maroth, Annkathrin (Eisenach); Maßelter,Jana (Geichlingen); May, Stephanie (Rittersdorf); Mayers, Gregor (Biesdorf); Moos, Lea Marie (Nusbaum); Nedjai, Nastia (Bollendorf); Neises, Robin (Geichlingen); Nosbüsch, Anna (Sinspelt); Pauls,Tobias (Baustert); Richter, Vanessa (Irrel); Rose, Katharina (Ettelbrück); Rosin, Maxim (Wiersdorf); Schink, Leon (Ammeldingen); Schmalen, Dagmar (Kruchten); Schneider, Daniel (Echternacherbrück); Scholtes, Johannes (Neuerburg); Schranz, Julia (Brecht); Seiz, Jonathan (Bollendorf); Stephany, Constanze (Ralingen); Szybalsky, Lea (Brecht); Tack, Annemarie (Ralingen); Thiel,Hanna (Heilbach); Thielen, Pascal (Mettendorf); Trosky, Philipp (Langsur-Grewenich); Wagner,Lea Marie (Karlshausen); Wälter, Florian (Lahr); Walther, Léa (Bollendorf); Weber, Lars (Kruchten); Weßendorf, Anna Sophia (Welschbillig); Wißmann, Alexander (Eisenach); Wittmer, Jan (Ferschweiler); Zeimentz, Hannah (Ferschweiler).
