{"id":10,"date":"2008-01-17T14:43:08","date_gmt":"2008-01-17T13:43:08","guid":{"rendered":"http:\/\/www.ehemalige-biesdorf.de\/wp\/auch-schon-drin\/abitur-1966\/"},"modified":"2013-10-30T09:48:53","modified_gmt":"2013-10-30T08:48:53","slug":"abitur-1966","status":"publish","type":"page","link":"https:\/\/www.ehemalige-biesdorf.de\/?page_id=10","title":{"rendered":"Abitur 1966"},"content":{"rendered":"<p>Der erste Abiturjahrgang in Biesdorf machte im Fr\u00fchjahr 1966 seinen Schulabschluss (Zeugnisdatum 2.M\u00e4rz). Josef Stiel hat das nachfolgende Foto zur Verf\u00fcgung gestellt.<\/p>\n<p>Hier die Namen (von links nach rechts) : Josef Stiel, Manfred Hubert, Frank Schneider (verstorben), Josef Schmitz, Emil Mayer, Hubert Vois, Reinhard Stiefermann, Robert Griebel. Der Klassenlehrer des ersten Abschlussjahrgangs war Pater Kistenich.<\/p>\n<div id=\"attachment_669\" style=\"width: 310px\" class=\"wp-caption alignleft\"><a href=\"https:\/\/www.ehemalige-biesdorf.de\/wp\/wp-content\/uploads\/2008\/01\/Abiturjahrgang_1966_1_web.jpg\" data-rel=\"lightbox-image-0\" data-rl_title=\"\" data-rl_caption=\"\"><img loading=\"lazy\" decoding=\"async\" aria-describedby=\"caption-attachment-669\" class=\"size-medium wp-image-669     \" title=\"\" alt=\"Abiturjahrgang_1966\" src=\"https:\/\/www.ehemalige-biesdorf.de\/wp\/wp-content\/uploads\/2008\/01\/Abiturjahrgang_1966_1_web-300x205.jpg\" width=\"300\" height=\"205\" srcset=\"https:\/\/www.ehemalige-biesdorf.de\/wp-content\/uploads\/2008\/01\/Abiturjahrgang_1966_1_web-300x205.jpg 300w, https:\/\/www.ehemalige-biesdorf.de\/wp-content\/uploads\/2008\/01\/Abiturjahrgang_1966_1_web-624x427.jpg 624w, https:\/\/www.ehemalige-biesdorf.de\/wp-content\/uploads\/2008\/01\/Abiturjahrgang_1966_1_web.jpg 800w\" sizes=\"(max-width: 300px) 100vw, 300px\" \/><\/a><p id=\"caption-attachment-669\" class=\"wp-caption-text\">Die erste Biesdorfer Abiturientia legte im Fr\u00fchjahr 1966 ihre Pr\u00fcfungen ab.<\/p><\/div>\n<p>&nbsp;<\/p>\n","protected":false},"excerpt":{"rendered":"<p>Der erste Abiturjahrgang in Biesdorf machte im Fr\u00fchjahr 1966 seinen Schulabschluss (Zeugnisdatum 2.M\u00e4rz). Josef Stiel hat das nachfolgende Foto zur Verf\u00fcgung gestellt. Hier die Namen (von links nach rechts) : Josef Stiel, Manfred Hubert, Frank Schneider (verstorben), Josef Schmitz, Emil Mayer, Hubert Vois, Reinhard Stiefermann, Robert Griebel. Der Klassenlehrer des ersten Abschlussjahrgangs war Pater Kistenich. [&hellip;]<\/p>\n","protected":false},"author":1,"featured_media":0,"parent":6,"menu_order":0,"comment_status":"open","ping_status":"closed","template":"","meta":{"_et_pb_use_builder":"","_et_pb_old_content":"","_et_gb_content_width":"","jetpack_post_was_ever_published":false,"footnotes":""},"class_list":["post-10","page","type-page","status-publish","hentry"],"jetpack_sharing_enabled":true,"jetpack_shortlink":"https:\/\/wp.me\/PaKz1-a","_links":{"self":[{"href":"https:\/\/www.ehemalige-biesdorf.de\/index.php?rest_route=\/wp\/v2\/pages\/10","targetHints":{"allow":["GET"]}}],"collection":[{"href":"https:\/\/www.ehemalige-biesdorf.de\/index.php?rest_route=\/wp\/v2\/pages"}],"about":[{"href":"https:\/\/www.ehemalige-biesdorf.de\/index.php?rest_route=\/wp\/v2\/types\/page"}],"author":[{"embeddable":true,"href":"https:\/\/www.ehemalige-biesdorf.de\/index.php?rest_route=\/wp\/v2\/users\/1"}],"replies":[{"embeddable":true,"href":"https:\/\/www.ehemalige-biesdorf.de\/index.php?rest_route=%2Fwp%2Fv2%2Fcomments&post=10"}],"version-history":[{"count":13,"href":"https:\/\/www.ehemalige-biesdorf.de\/index.php?rest_route=\/wp\/v2\/pages\/10\/revisions"}],"predecessor-version":[{"id":677,"href":"https:\/\/www.ehemalige-biesdorf.de\/index.php?rest_route=\/wp\/v2\/pages\/10\/revisions\/677"}],"up":[{"embeddable":true,"href":"https:\/\/www.ehemalige-biesdorf.de\/index.php?rest_route=\/wp\/v2\/pages\/6"}],"wp:attachment":[{"href":"https:\/\/www.ehemalige-biesdorf.de\/index.php?rest_route=%2Fwp%2Fv2%2Fmedia&parent=10"}],"curies":[{"name":"wp","href":"https:\/\/api.w.org\/{rel}","templated":true}]}}